{"version":"1.0","provider_name":"Eric Bertrand","provider_url":"https:\/\/ericbertrand.be","author_name":"Eric Bertrand","author_url":"https:\/\/ericbertrand.be\/index.php\/author\/admin3210\/","title":"Le GDPR aura-t-il un impact sur les prestataires de services digitaux ? - Eric Bertrand","type":"rich","width":600,"height":338,"html":"<blockquote class=\"wp-embedded-content\" data-secret=\"REOBRPMQem\"><a href=\"https:\/\/ericbertrand.be\/index.php\/2018\/03\/15\/gdpr-aura-t-impact-prestataires-de-services-digitaux\/\">Le GDPR aura-t-il un impact sur les prestataires de services digitaux ?<\/a><\/blockquote><iframe sandbox=\"allow-scripts\" security=\"restricted\" src=\"https:\/\/ericbertrand.be\/index.php\/2018\/03\/15\/gdpr-aura-t-impact-prestataires-de-services-digitaux\/embed\/#?secret=REOBRPMQem\" width=\"600\" height=\"338\" title=\"\u00ab\u00a0Le GDPR aura-t-il un impact sur les prestataires de services digitaux ?\u00a0\u00bb &#8212; Eric Bertrand\" data-secret=\"REOBRPMQem\" frameborder=\"0\" marginwidth=\"0\" marginheight=\"0\" scrolling=\"no\" class=\"wp-embedded-content\"><\/iframe><script type=\"text\/javascript\">\n\/* <![CDATA[ *\/\n\/*! This file is auto-generated *\/\n!function(d,l){\"use strict\";l.querySelector&&d.addEventListener&&\"undefined\"!=typeof URL&&(d.wp=d.wp||{},d.wp.receiveEmbedMessage||(d.wp.receiveEmbedMessage=function(e){var t=e.data;if((t||t.secret||t.message||t.value)&&!\/[^a-zA-Z0-9]\/.test(t.secret)){for(var s,r,n,a=l.querySelectorAll('iframe[data-secret=\"'+t.secret+'\"]'),o=l.querySelectorAll('blockquote[data-secret=\"'+t.secret+'\"]'),c=new RegExp(\"^https?:$\",\"i\"),i=0;i<o.length;i++)o[i].style.display=\"none\";for(i=0;i<a.length;i++)s=a[i],e.source===s.contentWindow&&(s.removeAttribute(\"style\"),\"height\"===t.message?(1e3<(r=parseInt(t.value,10))?r=1e3:~~r<200&&(r=200),s.height=r):\"link\"===t.message&&(r=new URL(s.getAttribute(\"src\")),n=new URL(t.value),c.test(n.protocol))&&n.host===r.host&&l.activeElement===s&&(d.top.location.href=t.value))}},d.addEventListener(\"message\",d.wp.receiveEmbedMessage,!1),l.addEventListener(\"DOMContentLoaded\",function(){for(var e,t,s=l.querySelectorAll(\"iframe.wp-embedded-content\"),r=0;r<s.length;r++)(t=(e=s[r]).getAttribute(\"data-secret\"))||(t=Math.random().toString(36).substring(2,12),e.src+=\"#?secret=\"+t,e.setAttribute(\"data-secret\",t)),e.contentWindow.postMessage({message:\"ready\",secret:t},\"*\")},!1)))}(window,document);\n\/* ]]> *\/\n<\/script>\n","description":"En vigueur d\u00e8s le mois de mai, le GDPR impactera la gestion des donn\u00e9es personnelles des prestataires de services digitaux. Olivier De Doncker, Digital Wallonia Champion et Pr\u00e9sident de la f\u00e9d\u00e9ration des entrepreneurs du web (FeWeb), souligne l\u2019importance de ces changements de leur collecte \u00e0 leur transfert. Beaucoup d\u2019entreprises wallonnes peinent encore \u00e0 mesurer l\u2019ampleur","thumbnail_url":"https:\/\/www.digitalwallonia.be\/wp-content\/uploads\/2018\/03\/iStock-920176776-753x413.jpg"}

En vigueur dès le mois de mai, le GDPR impactera la gestion des données personnelles des prestataires de services digitaux. Olivier De Doncker, Digital Wallonia Champion et Président de la fédération des entrepreneurs du web (FeWeb), souligne l’importance de ces changements de leur collecte à leur transfert. Beaucoup d’entreprises wallonnes peinent encore à mesurer l’ampleur
